p be z(2). Let j = p - i. Calculate the highest common divisor of j and 210.
21
Suppose 3900 = -8*a + 13*a. Let o = -720 + a. Suppose p - 472 = 2*j, -3*j = 4*p - 3*p - 492. Calculate the highest common divisor of p and o.
60
Let a(y) = -1015*y - 1666. Let q be a(-5). What is the highest common divisor of q and 14?
7
Let x be 3/3*(-2 - 0 - -5). Suppose -x*b - 75 + 198 = 0. Let w(f) = 5*f**2 - 6*f - 82. Let y be w(-7). Calculate the greatest common factor of b and y.
41
Let o(h) = -h + 9. Let l be o(0). Suppose 21 = -6*d + l*d. Let u(m) = -m**2 + 9*m - 11. Let z be u(d). What is the highest common factor of 6 and z?
3
Suppose -680*n = -345907 + 126947. Let v = 158 - 66. What is the greatest common divisor of n and v?
46
Suppose 16*p + 39975 = 29*p. Suppose 14*z = 4905 + p. Calculate the greatest common factor of 30 and z.
30
Let r be -1 - 121 - (5 + (3 - 5)). Let j = r + 130. Calculate the highest common divisor of j and 1.
1
Let l(g) = 2*g**3 + g**2 - 33*g. Let u(w) = -w**3 + 16*w. Let o(p) = -6*l(p) - 13*u(p). Let c be o(8). What is the highest common divisor of 272 and c?
16
Suppose 0 = 140*g - 138*g - 4*l - 78438, 6 = 2*l. Calculate the highest common divisor of g and 75.
75
Let h(q) = -q - 18. Let c be h(9). Let x be (c/(-3))/(-3)*(-44)/4. Let m = -89 + 155. Calculate the highest common divisor of x and m.
33
Suppose 0 = g - 2*a - 26, 4*g - 3*a = 139 - 55. Let k(f) = -6*f - 4. Let x be k(-6). Suppose -14 + x = 3*v. What is the greatest common factor of g and v?
6
Let k = 1066 + -767. Suppose -4*s + k + 214 = 3*u, -254 = -2*s - 2*u. What is the greatest common divisor of 84 and s?
12
Suppose -2*t - c + 13 = 2*t, -5*t + c = -23. Let d be t/(-12) + (-938)/(-42). What is the highest common divisor of d and 55?
11
Let v = 2671 - 2519. What is the greatest common divisor of 646 and v?
38
Let v(i) = 8*i - 1. Let s(w) = w**3 - 8*w**2 + 5*w - 9. Let g be s(8). Let z = -26 + g. Let k be v(z). What is the highest common factor of 26 and k?
13
Let u(b) = 16*b. Let y be u(5). Let t(w) = 2039*w + 106048. Let s be t(-52). Calculate the greatest common divisor of s and y.
20
Let c be 3/12*(-48)/30 + (-37917)/(-55). Calculate the highest common divisor of 52 and c.
13
Let o(s) = s**3 + 9*s**2 + 5*s - 4. Let c be o(-4). Let v = 155 - 147. What is the highest common divisor of v and c?
8
Suppose -2*y + 342 = -3*b, y = -4*b - 8 + 179. Calculate the greatest common divisor of 33 and y.
3
Let a(z) = 422*z + 783. Let k be a(5). Calculate the highest common factor of 11 and k.
11
Suppose -18 = 194*m - 191*m, 12186 = 3*n - m. Calculate the greatest common divisor of n and 980.
140
Let y(d) = 3*d**3 + 9*d**2 - 7*d + 5. Let n(l) = -2*l**3 + l - 2. Let j(b) = -3*n(b) - y(b). Let p be j(5). What is the greatest common factor of 27 and p?
9
Let b(r) = 2*r**3 - 21*r**2 - 13*r - 94. Let x be b(12). What is the highest common divisor of x and 70?
14
Let h be ((-10)/(-4))/((-11)/(-22)). Suppose -555 = -151*r + 148*r. What is the greatest common factor of r and h?
5
Suppose 4*a - 517 = -357. What is the highest common divisor of a and 10840?
40
Let z(j) = -11*j + 2. Let n be z(-6). Let c be (-2)/8 + 85/n. Let t be (0 - 4)/1*(-45 - c). Calculate the greatest common factor of t and 23.
23
Let t be 7*(-9)/(-126)*(118 - -2). Let n be (37/(-2))/((-10)/t). What is the highest common factor of n and 3?
3
Let k be (-10)/(-1) - (-1691)/(-178) - (-559)/2. What is the greatest common divisor of k and 2408?
56
Suppose 184*q + 5456 = 200*q. What is the greatest common factor of 93 and q?
31
Suppose -5 = b - 8. Suppose -r + 18 - 95 = -b*i, -5*i - 2*r = -110. Let p = i + 6. Calculate the highest common divisor of 10 and p.
10
Let p = 39745 - 20449. Calculate the highest common factor of 96 and p.
96
Let o = 144 + -142. Suppose o*g + 186 = 2*h, -5*g + 87 = 4*h - 258. Calculate the highest common divisor of h and 60.
30
Let d be ((0 - -1)/2)/((-53)/(-23002)). Let x be d + (2 - (5 + -3) - -3). Let w be ((-2)/(-4) - 1)*-110. Calculate the highest common divisor of x and w.
55
Let l(v) be the third derivative of -v**4/3 - 29*v**3/3 - 2*v**2 - 45*v. Let y be l(-8). Calculate the highest common factor of y and 21.
3
Let t be (-6)/(-21) + 27/(-21). Let d be 9*(-16)/12*t. Suppose -260*y = -267*y + 672. What is the greatest common divisor of d and y?
12
Let u = 619 + -882. Let n = u + 297. What is the highest common divisor of n and 119?
17
Let h be -1 + 2/3 - 13/(-39). Suppose -3*c = 4*a - 312, -208 = 2*c - 4*c + 3*a. Suppose h = -5*n + 314 - c. Calculate the highest common divisor of n and 6.
6
Suppose 5*v + 17 - 62 = o, 5*v + 2*o = 45. Suppose -v*j = -0*j - 405. Calculate the highest common divisor of 195 and j.
15
Let z(x) be the first derivative of -x**3/3 - 5*x**2 - 15*x + 107. Let m = 13 + -21. Let q be z(m). Calculate the highest common factor of q and 2.
1
Suppose -5490*o + 114240 = -5466*o. Calculate the highest common divisor of 60 and o.
20
Let r = 5045 - 2559. What is the greatest common divisor of 22 and r?
22
Let p(j) = 5*j**3 + 65*j**2 - 2*j - 11. Let k be p(-13). Calculate the highest common divisor of k and 177.
3
Suppose n - 30 = 183 - 56. What is the highest common divisor of 69080 and n?
157
Suppose 0 = -2*c - 14, -13*x = -16*x - 3*c + 1842. Calculate the greatest common divisor of x and 897.
69
Let r = -9181 - -9307. What is the highest common divisor of 9954 and r?
126
Suppose 4*g + 2*l - 1002 = 434, 3*l = 5*g - 1817. Let h = g - 317. What is the highest common divisor of h and 66?
22
Suppose -r = -v - 60, 2*v + 61 = r - 0. Suppose 1152 = 63*s - r*s. What is the greatest common factor of 48 and s?
48
Suppose 4*h - 14 = 38. Suppose 200*o + 4300 = 14700. Calculate the highest common factor of o and h.
13
Suppose 13*m + 5 = 18*m. Suppose 7 = g - 3*r, 4*r + 6 + m = g. What is the highest common divisor of 35 and g?
7
Let z(x) be the third derivative of x**5/30 - x**4/2 + 13*x**2 - 3. Let p = -1 + 8. Let i be z(p). What is the highest common factor of i and 14?
14
Let r = 79962 - 79916. Let t be (-2)/(-1)*(-46)/4. Let i be 6/(1*(-2)/t). What is the highest common divisor of r and i?
23
Let y(z) = 153*z + 179. Let f be y(-1). What is the highest common divisor of f and 2236?
26
Let x(q) = 4*q**2 - q + 5. Let a = 3 + 1. Let m be x(a). Let k be (-6)/(-4)*10/18*(-12)/(-2). Calculate the greatest common divisor of m and k.
5
Suppose -134*k = -125*k - 72. Let q(g) be the first derivative of g**2 - 7*g + 13. Let x be q(k). What is the greatest common divisor of 144 and x?
9
Let s be (((-42)/(-4))/(-7))/((-3)/8). Let v be 2*(2 - (-18 - s)). Let t(w) = -3*w**2 - 18*w + 3. Let r be t(-6). What is the highest common factor of v and r?
3
Suppose 286*u - 1550 = 276*u. Calculate the greatest common factor of 589 and u.
31
Let a be ((-105)/(-6))/((-20)/(-144)). What is the highest common divisor of 2079 and a?
63
Let s be 46 - (-3 - -3) - 6. Suppose -2*j + 0*j = -16. Calculate the highest common divisor of j and s.
8
Suppose i - 1 = -4*w, 0*i = -i + 4*w + 1. Let y be 64 + 6/i + -5. Let o(l) = 7*l**2 - 2. Let c be o(-2). What is the highest common divisor of y and c?
13
Let o = -1317 - -636. Let j = 689 + o. What is the highest common factor of j and 152?
8
Let v = 364 - 362. Suppose -m + 393 = 2*t, -4*t + v*m = -7*t + 588. Calculate the greatest common divisor of 18 and t.
18
Suppose -398*o = -414*o + 15392. Calculate the greatest common factor of 13 and o.
13
Let s(b) = 14*b**3 + b**2. Suppose -78 = -2*k - 80. Let j be s(k). Let r(y) = y + 44. Let i be r(j). What is the highest common factor of 62 and i?
31
Let f = 6746 - 4893. What is the highest common divisor of 109 and f?
109
Suppose -5*n - 479 = -7*k + 6*k, -k + 471 = 3*n. Calculate the greatest common divisor of k and 12.
6
Let b = 49366 + -33880. Calculate the highest common factor of 348 and b.
174
Suppose 338*o = 341*o + 681 - 3039. Calculate the greatest common factor of o and 12.
6
Let l(y) = -79*y. Suppose 3*w + 5*o - o = -17, 0 = -2*w - 5*o - 23. Let h be l(w). Let b = 133 + h. Calculate the highest common factor of b and 18.
18
Let c(d) = 454*d - 1178. Let y be c(3). Calculate the highest common factor of 176 and y.
8
Let a be -75*6/(-75)*-5. Let k = -25 - a. Suppose b = 0, -4*g - k*b + 60 = -0*b. Calculate the greatest common